der when b is divided by 297.
14
Suppose m + 3*m - 1 = -z, 5*m + 28 = z. What is the remainder when 689 is divided by z?
0
Let o(l) = l**2 + 12*l + 2. Let a be 17*(-2 + (0 - 2)). Let m = -52 - a. What is the remainder when o(-14) is divided by m?
14
Let k = -3396 - -3639. What is the remainder when k is divided by 29?
11
Let i be (1 - (-44)/10)*5. Suppose -i*o + 18*o = -243. What is the remainder when 375 is divided by o?
24
Suppose -24*q - 33540 = -37*q. What is the remainder when 284 is divided by q/86 + 2*3?
32
Suppose 0 = 5*i + 17 - 27. What is the remainder when -331*i/(-18) + (-4)/(-18) is divided by 15?
7
Suppose 3*o = -z + 172, -o + 5*z + 38 = -30. Let v be 14*1 + (-2)/(-1). Let r(b) = b**3 - 16*b**2 + b - 1. What is the remainder when o is divided by r(v)?
13
What is the remainder when -10 + -1 + (1723 - 17) is divided by 17?
12
Suppose 60 = 3*h - 13*h. Let c(r) = 4*r + 31. Calculate the remainder when 26 is divided by c(h).
5
Let i(s) = -20*s**3 + 5*s**2 + 4. Let u be i(3). Let j = -414 - u. Calculate the remainder when j is divided by 14.
7
Let o = -87 - -36. Let y = o - -55. Suppose 56 = 4*q - 0*q - 4*s, y*q + 2*s = 38. Calculate the remainder when 31 is divided by q.
9
Suppose 4 = 4*x, -4*c = 27*x - 30*x - 47245. Calculate the remainder when c is divided by 19.
13
Suppose 1251 + 109 = 5*x - 2*j, -3*x - 4*j + 842 = 0. Suppose -7*k = -300 - x. Calculate the remainder when k is divided by (15 + -1)*(-12)/(-14).
10
Suppose 0 = -22*r + 808 - 544. Suppose 0 = -4*z + 505 - 173. What is the remainder when z is divided by r?
11
Suppose 23*o - 27*o - 16 = 0. Let a = 13 + o. Suppose 536 = 13*n - a*n. Calculate the remainder when n is divided by 34.
32
Suppose c + 3*s = -531, 5*s - 748 = c - 241. Let i = c - -536. What is the remainder when 189 is divided by i?
7
Let a = 6680 - 6659. Calculate the remainder when 1494 is divided by a.
3
What is the remainder when 1056 is divided by 7 - (-12 - -53)/((1*-3)/3)?
0
Let l(d) be the second derivative of d**5/2 - d**4/12 - d**3/3 + 76*d + 1. Calculate the remainder when 141 is divided by l(2).
69
Let i(n) = 332*n**2 + 1. Suppose 84 = 4*g - 2*w, 7*g = 9*g + 2*w - 42. What is the remainder when i(-1) is divided by g?
18
Let d(z) = -1513*z - 39320. Calculate the remainder when (-1 + 1)/(-2) + 23 is divided by d(-26).
5
Suppose 3*d - 840 = -5*d. Let i = -84 + d. Calculate the remainder when i is divided by 13.
8
Suppose 29*d - 47 - 69 = 0. Suppose 2*j = 5*t - j - 97, d*j + 33 = t. Calculate the remainder when 1051 is divided by t.
14
Let y(s) = 4*s**2 + 53*s - 16. Let z(m) = -8*m**2 - 105*m + 33. Let g(a) = 5*y(a) + 2*z(a). Calculate the remainder when g(-16) is divided by 19.
16
Let o(i) = -i - 4. Let u(m) = -9*m - 5. What is the remainder when o(-11) is divided by u(-1)?
3
Let t = -217 + 26. Let f = t + 136. Let g = f + 113. What is the remainder when g is divided by 22?
14
What is the remainder when (0 - (-4480)/15)/((-18)/(-108)) is divided by 78?
76
Let q(s) = -2*s - 21. Let y be q(-13). Suppose k + 10 = -2*p, 3*k - 6*k + y*p + 3 = 0. Calculate the remainder when ((-9)/k)/(3/12) is divided by 6.
3
Let o be (-284)/(-2) - (15 + -14). Suppose 24 = -3*b + o. What is the remainder when b is divided by 21 - 17 - (0 + -3)?
4
Let k be (51/(-12))/(-2*1/8). Suppose -7*n + 333 = -k. Suppose -34 = -3*p + 5. Calculate the remainder when n is divided by p.
11
Let c = -6347 - -10992. What is the remainder when c is divided by 56?
53
Suppose -5*p + 189 = 2*v - 215, -4*p - 2*v + 324 = 0. Suppose 11 = i + 3. Suppose 3*j + p = i*j. Calculate the remainder when j is divided by 9.
7
Suppose 0 = -9*o + 21*o - 120. Calculate the remainder when o is divided by 8.
2
Suppose 4*j + 138 = 4*s + 22, 0 = -3*s - 5*j + 47. Suppose -4*q - 5*h + 121 + s = 0, 0 = 5*q + 3*h - 165. Calculate the remainder when 146 is divided by q.
26
Let o = 393 + -504. Let l = -105 - o. Calculate the remainder when 151 is divided by l.
1
Let j = 59 - 54. Suppose 5*d - 28 = 4*x + 131, 0 = 3*d - j*x - 98. Suppose 2*z = 27 + d. Calculate the remainder when 85 is divided by z.
27
Let s(n) = -3*n - 66. Let j be s(-23). Suppose -5*d + 6*d + 108 = x, -3*x - j*d + 342 = 0. What is the remainder when x is divided by 23?
19
Let h(m) = -m - 8. Let n be h(-8). Let j(b) = -b**3 - 3*b**2 - 3*b + 7. What is the remainder when j(-6) is divided by -1*2 + (n - -29)?
25
Let m(j) = -7*j + 9. Let x be m(6). Let p = -2 - x. Calculate the remainder when 2/7 + 628/7 is divided by p.
28
Let c = -15543 + 17575. What is the remainder when 2034 is divided by c?
2
Let x(w) = w**2 - 79*w - 3376. Suppose 0*z + c = z - 96, 5*z - 2*c - 471 = 0. What is the remainder when z is divided by x(-31)?
25
Suppose 440 = 494*l - 247*l - 245*l. What is the remainder when l is divided by 75?
70
Let u = -3977 + 4213. Let v = -14 - 4. Calculate the remainder when 12/(-108) - u/v is divided by 4.
1
Let a = -295 - -656. Suppose -86*l = -73*l - 3*m - 169, -13 = -l - 2*m. What is the remainder when a is divided by l?
10
Suppose 8395 = 133*t - 3575. What is the remainder when 92 is divided by t?
2
Let k = -14 - -37. Suppose 0 = -25*h + k*h. Suppose 3*f + 32 - 6 = 2*p, h = 2*p - 4*f - 22. Calculate the remainder when 111 is divided by p.
16
Let a(n) = 136*n + 941. What is the remainder when 4868 is divided by a(-6)?
118
Let c(r) = 48*r - 98. Let a be c(15). Suppose 625*j - 57 = a*j. Let u(z) = 2*z**2 + 2*z - 5. What is the remainder when u(4) is divided by j?
16
Let y(m) = -3*m**3 + 93*m**2 + m + 41. Calculate the remainder when 308 is divided by y(31).
20
Suppose 15*t - 4*w - 1004 = 10*t, -2*t + 428 = 5*w. What is the remainder when t is divided by 31?
18
Let o = 734 + -733. Suppose 2*a - o = b, -3*a + 0*a = 3*b - 24. What is the remainder when 2/5 + 58/5 is divided by a?
0
Suppose 0 = 49*a - 70*a + 1158 + 417. What is the remainder when 86 is divided by a?
11
Let p(i) = 45*i**3 - 3*i**2 + 2*i. Let j = 2 + -1. Let y(n) = 2*n**2 - 30*n + 15. Calculate the remainder when p(j) is divided by y(15).
14
Let j(h) = -26*h - 2. Let y be j(-2). Suppose -5*x = 5*r + 205, 51*x = 56*x - 10. Let i = y + r. Calculate the remainder when 11 is divided by i.
4
Let v(i) = 4*i + 23. Let u(p) = p**3 - 3*p**2 - 5*p - 1. Let f be u(4). Let y be v(f). Calculate the remainder when 95 is divided by (-24)/(y*1/((-12)/8)).
11
Suppose 34*z = 39*z - 2*v - 129, 3*z + 2*v - 71 = 0. Suppose 0 = 2*o + 4*u - 166, 3*u - 80 = 4*o - 401. Calculate the remainder when o is divided by z.
6
Let i(r) = r**3 + 109*r**2 + 208*r - 627. What is the remainder when 19497 is divided by i(-107)?
12
Let k(p) = -p**2 + 61*p + 12. Suppose -4*n + 248 = 4*t, -2*t = 5 - 9. What is the remainder when 271 is divided by k(n)?
55
Let s(i) = -i**3 + 9*i**2 - 8*i + 7. Let k = 589 + -550. What is the remainder when k is divided by s(8)?
4
Suppose -3*x = -2*d - 355, 2*x + 539*d - 537*d = 240. What is the remainder when x is divided by 72?
47
Let n = -17046 - -17079. Suppose 35 = 4*o + 7. What is the remainder when n is divided by o?
5
Let i = 16053 - 16037. Suppose 3*a - 3*q - 1 - 2 = 0, -5*q - 15 = 5*a. What is the remainder when i is divided by (12/(-20))/(a/15)?
7
Suppose -22380 = -74*l + 103494. Calculate the remainder when l is divided by 46.
45
Suppose -3*h - 2*a + 52 = 0, 0 = -4*h - 5*a - 6 + 66. Suppose -44*u - 28199 = 6605. Let f = -784 - u. Calculate the remainder when h is divided by f.
6
Suppose -60 = -4*w + 112. Let g be (3 - (7 - 3))/(-1) + 4. Suppose -9*y + 11*y - 16 = 2*u, -3*u = -g*y + 34. Calculate the remainder when w is divided by y.
3
Suppose 0 = -3*x - o - 3 + 365, -5*o - 35 = 0. Calculate the remainder when 1720 is divided by x.
121
Suppose -128*v + 19025 = 2129. What is the remainder when 251 is divided by v?
119
Let h(c) = 15*c**2 - c. Suppose 89*s + 56*s - 7629 - 13939 = -5473. What is the remainder when s is divided by h(-1)?
15
Let b be ((-28)/6)/(-14)*(-18)/(-1). Let m(x) = x**3 - 3*x**2 - 18*x + 7. What is the remainder when m(b) is divided by 2?
1
Let n(t) be the second derivative of -7*t**4/12 + 47*t**3/2 + 8*t**2 + 4*t - 4. What is the remainder when n(20) is divided by 13?
10
Suppose -52*p + 9672 = 10*p. What is the remainder when p is divided by 43?
27
Suppose 0 = -w + 5*i + 284, -w + 4*i + 242 = -43. Let g = w - 280. Calculat